41
In base 6, what is -130 + 5?
-121
In base 16, what is c + -1b7?
-1ab
In base 13, what is 394 + -4?
390
In base 5, what is -3 - -4414?
4411
In base 10, what is 2 - -200?
202
In base 10, what is 21 + 13?
34
In base 8, what is 6 + -456?
-450
In base 7, what is -13 - 2?
-15
In base 3, what is -200 + -10?
-210
In base 15, what is -5 - -117?
112
In base 9, what is 2 + -24?
-22
In base 2, what is -10111110010 - 100?
-10111110110
In base 12, what is -2 - 9?
-b
In base 12, what is -3 + -3a?
-41
In base 3, what is -10 - -2220?
2210
In base 5, what is 113 - 2?
111
In base 4, what is -12 - 1021?
-1033
In base 4, what is -11 + 1221?
1210
In base 6, what is -1 - 24?
-25
In base 16, what is -1 - -3b?
3a
In base 2, what is -11010101 - -100?
-11010001
In base 12, what is -3 - 37?
-3a
In base 14, what is 1 + -353?
-352
In base 12, what is -16 - 16?
-30
In base 15, what is -1d - -35?
17
In base 16, what is 1b4 + 2?
1b6
In base 2, what is -10 - -10001?
1111
In base 7, what is 3 + 1502?
1505
In base 4, what is 121233 + 1?
121300
In base 11, what is 24 - 1?
23
In base 14, what is -2 + -22b?
-22d
In base 11, what is 161 - -3?
164
In base 13, what is 5b3 + -2?
5b1
In base 2, what is -101 + 10010?
1101
In base 11, what is 26 + 4?
2a
In base 15, what is -1 - -123d?
123c
In base 15, what is -44 + 1?
-43
In base 7, what is 5 - -1622?
1630
In base 5, what is 1 - 3?
-2
In base 6, what is -3403 + 2?
-3401
In base 12, what is 121 + -4?
119
In base 11, what is 1 - a?
-9
In base 15, what is -7d - -2?
-7b
In base 15, what is 4 - -33?
37
In base 9, what is -2488 - -6?
-2482
In base 13, what is 9b - 1c?
7c
In base 12, what is 1 - -13?
14
In base 13, what is -b4 + 99?
-18
In base 2, what is 11101 + -110010000?
-101110011
In base 13, what is -6 - 24?
-2a
In base 8, what is 357 + 2?
361
In base 3, what is 22120 + -20?
22100
In base 2, what is -10000111011110 + -11?
-10000111100001
In base 7, what is -1 + -133?
-134
In base 5, what is -2 + 3132?
3130
In base 2, what is -1010010111100 + 11?
-1010010111001
In base 9, what is 1 - -378?
380
In base 14, what is -27 + 0?
-27
In base 5, what is 4 + -12231?
-12222
In base 14, what is -2b2 - -2?
-2b0
In base 13, what is -106 + 0?
-106
In base 8, what is 216 - 126?
70
In base 13, what is -7cab + -2?
-7cb0
In base 3, what is -102112 - -22?
-102020
In base 7, what is -113 - -1?
-112
In base 8, what is 46 + 5?
53
In base 11, what is -264 - -5?
-25a
In base 9, what is -2 + 4?
2
In base 5, what is -13 + 221?
203
In base 2, what is -10110010 + -10111?
-11001001
In base 8, what is 3 + 2735?
2740
In base 11, what is 138 - -4?
141
In base 9, what is 33 + 38?
72
In base 9, what is -2 + 15?
13
In base 4, what is 32 + -12?
20
In base 15, what is 9 - -201?
20a
In base 5, what is -3022 - -1?
-3021
In base 6, what is 42 + 3135?
3221
In base 6, what is -443 + 1?
-442
In base 16, what is -2 - -72?
70
In base 13, what is -b2 + -3?
-b5
In base 6, what is 13 + 2040?
2053
In base 3, what is -221211 - -10?
-221201
In base 4, what is 1123122 + -1?
1123121
In base 2, what is -10010 + -100011?
-110101
In base 16, what is 3 - 848?
-845
In base 16, what is -7 + 83?
7c
In base 3, what is 2200 - 10?
2120
In base 4, what is 2031 - -11?
2102
In base 14, what is 1cad - 1?
1cac
In base 13, what is 1 - -382?
383
In base 10, what is 2 - -4544?
4546
In base 8, what is -330 + 5?
-323
In base 8, what is -5 + 101?
74
In base 11, what is -2a8 + 1?
-2a7
In base 5, what is 11 - 30?
-14
In base 13, what is 27 - -3a1?
3c8
In base 8, what is -3050 + 1?
-3047
In base 15, what is -6b - -21?
-4a
In base 12, what is 2 + 16?
18
In base 3, what is 220 - -100?
1020
In base 5, what is 2412 - -24?
2441
In base 10, what is -31263 + -1?
-31264
In base 7, what is 2 - -162?
164
In base 5, what is 11 + -140?
-124
In base 16, what is -8d - 6?
-93
In base 14, what is 3c + 6?
44
In base 4, what is 1311 + -21?
1230
In base 10, what is 17 + 97?
114
In base 11, what is 158 - 4?
154
In base 6, what is -533 + -20?
-553
In base 2, what is 110010111100 - 100?
110010111000
In base 10, what is 2968 - -5?
2973
In base 15, what is 2d + -9?
24
In base 3, what is 2122 - -2?
2201
In base 10, what is -680 + 2?
-678
In base 12, what is -11 + -18b?
-1a0
In base 6, what is -25 - -153?
124
In base 7, what is -2 - -60?
55
In base 15, what is 8 + -5d?
-55
In base 12, what is -11a - -5?
-115
In base 4, what is 220212 + 3?
220221
In base 14, what is -5 - 14b6?
-14bb
In base 8, what is -4076 + 3?
-4073
In base 7, what is -23 - -44?
21
In base 2, what is -101 - 100011011101?
-100011100010
In base 9, what is 38 + 22?
61
In base 9, what is 5 - -5073?
5078
In base 3, what is -21122 - -11?
-21111
In base 9, what is 4 + -133?
-128
In base 3, what is 20101012 + 2?
20101021
In base 8, what is 6532 - -4?
6536
In base 16, what is 1b + 9?
24
In base 15, what is b - 4?
7
In base 14, what is -1 + -2?
-3
In base 10, what is -47 - 55?
-102
In base 3, what is 22011000 + -2?
22010221
In base 16, what is -1a88 + -5?
-1a8d
In base 11, what is -3 - 1156?
-1159
In base 4, what is 3 - -22?
31
In base 10, what is 30 + 76?
106
In base 9, what is 2 + 3071?
3073
In base 6, what is 2 - -120?
122
In base 7, what is -3 + -5?
-11
In base 12, what is 91 + 15?
a6
In base 15, what is 9c - 5?
97
In base 16, what is -57 + -1c?
-73
In base 11, what is -132 - 13?
-145
In base 11, what is -4 - 4a21?
-4a25
In base 9, what is -4077 - 2?
-4080
In base 10, what is -11 + -13?
-24
In base 15, what is 194 - -e?
1a3
In base 9, what is -411 - 4?
-415
In base 16, what is -3 + -19a?
-19d
In base 10, what is 5 + -77?
-72
In base 7, what is 11 + -2525?
-2514
In base 12, what is -2 - 1003?
-1005
In base 6, what is 34005 - 4?
34001
In base 6, what is -312 + 31?
-241
In base 13, what is -3 - 702?
-705
In base 16, what is -5 - -1e?
19
In base 9, what is 25 - 17?
7
In base 2, what is 101 + 11110111101?
11111000010
In base 10, what is 10058 + 4?
10062
In base 14, what is 0 + -d?
-d
In base 6, what is 3 + -553?
-550
In base 16, what is 0 + 7c?
7c
In base 16, what is -320 + 1?
-31f
In base 3, what is 11 + 220?
1001
In base 4, what is 21 + -203?
-122
In base 10, what is -9 + 44?
35
In base 13, what is -2 + -1c?
-21
In base 2, what is -110111 - 100110?
-1011101
In base 10, what is 2 - 71?
-69
In base 10, what is -2 - 4395?
-4397
In base 11, what is 2 - 110a?
-1108
In base 7, what is 0 - -520?
520
In base 11, what is 5 + -498?
-493
In base 3, what is 2 - 212?
-210
In base 6, what is 55 + -4243?
-4144
In base 16, what is 3 - -124?
127
In base 5, what is 1024 - -232?
1311
In base 16, what is 27 + 0?
27
In base 15, what is 316 + 0?
316
In base 13, what is -4 - 14a?
-151
In base 16, what is -562 - 4?
-566
In base 5, what is 2 + -12?
-10
In base 14, what is 6a - -14?
80
In base 12, what is 10 - 11b8?
-11a8
In base 4, what is -1002 - 21?
-1023
In base 15, what is -6c - -a?
-62
In base 8, what is 4 + -2302?
-2276
In base 4, what is 1010 + 1201?
2211
In base 9, what is 164 - -5?
170
In base 5, what is 10 + -103?
-43
In base 16, what is 2 - -35?
37
In base 4, what is 11 + -1110?
-1033
In base 12, what is -2 - -346?
344
In base 10, what is 0 - -133?
133
In base 9, what is 132 + 5?
137
In base 5, what is 4431 + -20?
4411
In base 9, what is 7 - -68?
76
In base 9, what is 2580 + 0?
2580
In base 11, what is -1 - -96?
95
In base 11, what is 87 - 2?
85
In base 2, what is -10 - 110000?
-110010
In base 12, what is 4 + 436?
43a
In base 14, what is 1a - -85?
a1
In base 4, what is -3 - 11011?
-11020
In base 9, what is 13 - -48?
62
In base 5, what is -4 - 10013?
-10022
In base 8, what is -207 + -6?
-215
In base 4, what is 11 - 101?
-30
In base 5, what is -2 - 121?
-123
In base 11, what is 443 - 4?
43a
In base 15, what is 5 - 27?
-22
In base 12, what is 1a - -1?
1b
In base 11, what is -9 + 4?
-5
In base 8, what is 13 - -2?
15
In base 10, what is 71 - -4?
75
In base 7, what is 10043 + 1?
10044
In base 8, what is 204 + 3?
207
In base 5, what is -3331 + -13?
-3344
In base 15, what is 38 + -6?
32
In base 5, what is 2 - -222?
224
In base 3, what is -202211 + -12?
-210000
In base 3, what is -110020 - 0?
-110020
In base 16, what is c53 - 3?
c50
In base 6, what is -3 - 5413?
-5420
In base 11, what is -36 - -5?
-31
In base 2, what is -1110101 - 100?
-1111001
In base 2, what is 10010110001 - 0?
10010110001
In bas